
Suppose 5 = -5*k - j, -4*k + 3*j - 8 - 15 = 0. Let d be (-1012)/(-66) - ((-5)/3 - k). Let q(n) = n - 5. Calculate q(d).
10
Let b(t) = -5*t**2 - 9*t + 166. Let i(r) = 17*r**2 + 25*r - 496. Let d(c) = -7*b(c) - 2*i(c). Give d(-21).
-2
Let u(a) = 6*a**2 - 9*a - 13. Let s(w) = -27*w**2 + 47*w + 63. Let b(d) = -3*s(d) - 14*u(d). Determine b(-6).
-25
Let d(y) = 2*y - 36. Let o = 726 - 646. Suppose 0 = 4*p, -o = -4*v - 2*p + p. What is d(v)?
4
Let b(k) = 3*k - 7. Suppose 0 = -4*i - 71 + 55. Let p(q) = -q + 1. Let o be p(i). Calculate b(o).
8
Suppose k + 122*x = 126*x - 9, 4*k - 5*x + 25 = 0. Let n(r) = -13*r + 41. Determine n(k).
106
Let s(z) = z - 3. Suppose -2*j = 2*j + 3*a - 31, -3*j + 27 = 3*a. Suppose -j*o + 0*o + 15 = -h, 2*h + 18 = 5*o. Let f be 30/3 + h - 4. Calculate s(f).
4
Let s(r) = 111818*r**2 - 6*r + 21*r - 111819*r**2 - 36 + 0*r. What is s(18)?
-90
Suppose -j = 7*w - 8*w + 2, -4*j - 15 = -5*w. Let b(x) = -13 - 13*x**2 - x**3 - 2*x**2 + 7*x + w*x**2. What is b(-9)?
5
Let d be (-3)/(2/(-16)*6). Suppose 4*k - 4 = -d*s, 4*k + 10 = 4*s + 2*k. Let a(o) = 1 - o - 5 + s*o - 3. What is a(7)?
0
Let g(q) = -q**3 + 3*q**2 + 2. Suppose 6*d - d - 3*j = 201, 2*j - 174 = -4*d. Let t = d + -38. Suppose 4*y - r = 8, 2*y = t*y + 2*r - 14. Give g(y).
2
Suppose 3*o = f - 5 - 0, 0 = 5*f - 3*o - 61. Suppose -2*y - f = -2. Let j(h) = -121*h - 35. Let q(g) = 101*g + 31. Let p(t) = -5*j(t) - 6*q(t). What is p(y)?
-5
Let f(d) be the third derivative of d**6/120 - d**5/3 - 7*d**4/8 - 7*d**3/6 - 586*d**2. Calculate f(21).
-7
Let d(x) = 7*x**2 + 47*x + 23. Let u(s) = 4*s**2 + 23*s + 14. Let j(y) = -6*d(y) + 10*u(y). Give j(-26).
2
Let w(z) be the second derivative of z**5/20 - z**4/12 + z**3/6 - 115*z**2/2 - 11*z. Let n be w(0). Let v = n - -109. Let d(s) = s**2 + 7*s - 1. Give d(v).
-7
Let s(v) = 21*v - 122. Let f be s(6). Suppose d + f*d = 4*t - 9, 0 = 3*t + 4*d + 32. Let b(p) = 2*p - 5. Give b(t).
-13
Let j = 13 - 30. Let s = j - -15. Let d(c) = -c + 6037 - 6037. What is d(s)?
2
Let w = -14761 - -14769. Let y(k) = -k. Give y(w).
-8
Let w(z) be the first derivative of z**2/2 - 22*z - 1552. Calculate w(-10).
-32
Suppose 23*d = -5*w + 22*d - 95, -4*w - 95 = -3*d. Let f(n) = n**2 + 21*n + 3. Determine f(w).
-17
Let i(h) = 2*h**3 - 2*h + 1. Let z be -4*7*(-8)/224. Calculate i(z).
1
Let i(a) = 3*a + 5. Let z = 220 - 216. Let s(o) = 6*o + 11. Let y(j) = z*s(j) - 9*i(j). Give y(9).
-28
Let z(h) be the third derivative of -h**6/120 + 53*h**5/60 - 77*h**4/12 + 205*h**3/6 - 32*h**2 - 58*h. What is z(50)?
5
Let i(t) = t + 1. Let s be (-1 - -1)*5/20. Let q be 0 + 1/4*s. Suppose 4*x + q*c + 6 = 2*c, 3*c = -9. Determine i(x).
-2
Let v(z) = -7*z**3 - 7*z**2 - 13*z + 35. Let s(l) = -6*l**3 - 8*l**2 - 10*l + 33. Let a(i) = 6*s(i) - 5*v(i). Calculate a(-13).
-42
Let b(a) = a**2 - 1. Let z(q) = -2*q**2 - 2*q + 2. Let g(j) = b(j) + z(j). Let x(y) = 6*y**2 - 5*y**2 - 8 + 0 + 1. Let o be x(-3). Determine g(o).
-7
Let q(g) be the third derivative of g**5/10 + 3*g**4/8 - g**3/3 + 1381*g**2 - 3*g. Determine q(-4).
58
Let v(o) = 6 + 34 + o**3 - 540*o - 11 + 11*o**2 + 264*o + 266*o. Give v(-12).
5
Let y be 16/(-12)*3 + 7. Suppose 11*o = y*o - 8. Let t be (6 - 2)*((-3)/12 + o). Let p(c) = -2*c - 7. Determine p(t).
3
Let a(h) = -h**3 + 15*h**2 - 15*h + 5. Let r(t) = -192*t + 8461. Let b be r(44). What is a(b)?
148
Let u(a) = 21*a. Suppose -x - 6 + 22 = 0. Let i(p) = 2*p**2 + 20*p + 35. Let f be i(-8). Suppose 5*z - x = -4*o, 23 = -f*o + 4*z + z. Determine u(o).
-21
Let k(p) = -5*p + 2. Suppose 2*h = -3*l, 2*l - 4 = -2*h - 2. Suppose -2*o + 3*v + 6 = h, 3*o - 6 = 5*v. What is k(o)?
17
Let u(x) be the second derivative of x**4/12 - x**3/6 + 21*x**2/2 + x - 908. Determine u(7).
63
Let r = 184 - 105. Let z = r - 80. Let w(i) = -i - 1. Let d(v) = v**3 + 8*v**2 + 11*v + 9. Let g(o) = z*d(o) - 4*w(o). Give g(-7).
-5
Let h(r) = r**3 - 21*r**2 - 24. Let z be (-30)/190 + (-11256)/(-532). Calculate h(z).
-24
Let y(o) be the first derivative of o**3/3 + 15*o**2/2 + 16*o + 1058. Determine y(-15).
16
Let k(f) be the second derivative of f**5/60 - 5*f**4/24 + 4*f**3/3 + 21*f**2/2 - 2*f - 4. Let u(s) be the first derivative of k(s). Give u(6).
14
Let p(d) = 17*d**2 + 5*d - 310. Let f(t) = -8*t**2 - 2*t + 144. Let g(r) = 13*f(r) + 6*p(r). What is g(5)?
-18
Let n(w) = -w**3 - 9*w**2 - 9*w - 4. Let q be -6*1 - -1 - (9 + -7). Let s = q + 76. Suppose p + 3*h = -8, 5*p + s = 2*h + 29. Calculate n(p).
4
Suppose -2*p - 8 = -3*o, -10*o + 8*o + 4 = 0. Let i(x) = -8*x. Calculate i(p).
8
Let o(d) be the first derivative of 2*d**3 - 3*d**2 - 6*d - 1097. Give o(-1).
6
Let m(x) be the first derivative of -5*x**2 - 45*x + 449. Give m(-5).
5
Let q(z) be the second derivative of z**5/60 + 7*z**4/24 + 3*z**3/2 - z**2 - 5*z + 5. Let k(f) be the first derivative of q(f). Calculate k(-5).
-1
Let x = 0 - -1. Let i(h) = -32167960 + 32167960 + 6*h. Give i(x).
6
Let j be 1/(1/(2 + -7)). Suppose 0 = 12*h - 5*h - 140. Let c(t) = 22 + 6*t - 8*t - h. Give c(j).
12
Let g = -1127 - -1125. Let c(k) be the second derivative of k**3/6 - 7*k**2/2 - 4*k + 3. Calculate c(g).
-9
Let z(s) = 4*s - 20 - 6*s**2 + 0*s + 0*s + 4*s + 4*s**2. Determine z(2).
-12
Let l(g) be the first derivative of 9*g - 5*g**2 + 1/3*g**3 + 52. Let d(v) = -v**3 - 19*v**2 - 19*v - 11. Let i be d(-18). Calculate l(i).
-12
Let p(b) = -8233 + 2*b**2 + 8236 - 7*b**2 - 3*b**3 + 4*b**3. Let f be 7 + -1 + 2/(-2). Determine p(f).
3
Let k = 28 - 24. Let u be -3 + 1/k + 1/(-4). Let i(f) = f**2 + 7*f - 1. What is i(u)?
-13
Let i(u) = -u + 19. Let p be i(18). Suppose -4*d + 6*d = 36. Let q(l) = 8*l**2 - d*l - 5*l**2 + 19*l. Give q(p).
4
Let q(j) = 3*j**3 + 4*j**2 - 6*j - 12. Suppose -166*d = 176*d + 571 + 455. What is q(d)?
-39
Let l(t) = 41*t + 2. Let f(b) = -174*b + 521. Let h be f(3). Calculate l(h).
-39
Let x(w) = -w**3 - 6*w**2 - 4*w - 3. Let b = 0 - -2. Suppose 4*a + 0*a = -4*o - 16, -2*o = -b*a - 12. Calculate x(a).
-8
Suppose -9*w + 19*w - 14*w - 48 = 0. Let d(n) = n**3 + 12*n**2 - 3*n + 6. Calculate d(w).
42
Let m(y) = -y + 11. Let n be m(8). Let x(i) = 2*i**2 + 4*i + n + 4*i**2 + 3*i**3 - 2*i**3. Suppose 3*f - 4*d - 3 = -13, -2*f - 6 = -2*d. Calculate x(f).
11
Let p(z) = z**2 + 4. Let g(f) = 4*f**3 - 13*f**2 + 24*f - 2. Let j be g(5). Let o = j + -289. Give p(o).
20
Let o = 260 - 245. Let g(z) = o*z**2 - 22*z - z**3 - 73 + 0*z**3 + 66 + 9*z. Determine g(14).
7
Let r(u) = -u**2 - 29*u + 27. Let m = -572 - -542. Let t be r(m). Let k(i) be the third derivative of -i**4/6 - 2*i**3/3 - i**2. Determine k(t).
8
Let w(k) = -k + 9. Suppose -4*v - 16*v = -7040. Let r be (2/1)/(11/v). Let q be (-8)/((-80)/r - (-2)/8). What is w(q)?
1
Let r = 85 + -26. Let y = -72 + 125. Let x = r - y. Let n(v) = 2*v - 9. Calculate n(x).
3
Let u(s) = -5*s**2 - 4*s - 17. Suppose 2*v - 2*r - 22 = 0, v + 9 = -0*r - 4*r. Let i(k) = 9*k**2 + 8*k + 30. Let c(z) = v*u(z) + 4*i(z). What is c(-3)?
-2
Let p(r) = 26*r - 8*r + 224 - 266 + r**2. Calculate p(-18).
-42
Let x = -35999 + 36009. Let s(l) = -3 + 16 + 0 - 3*l. Determine s(x).
-17
Let b(v) = 35*v - 37. Suppose -3*j - 5*p = 38, 7 + 3 = -3*j + 2*p. Let n(z) = -19*z + 20. Let h(u) = j*b(u) - 11*n(u). Determine h(0).
2
Let p(j) = -j**3 - 9*j**2 + 9*j - 11. Suppose 0 = -524*n + 538*n + 46 + 94. Give p(n).
-1
Let f(o) be the third derivative of 0*o**4 + 0*o + 11/60*o**6 + 0 + 65*o**2 + 0*o**5 - 1/6*o**3. Calculate f(-1).
-23
Suppose 20*y = 2*y - 90. Let b(a) = 11*a**2 + 5*a + 5. Let g(v) = -13*v**2 - 7*v - 6. Let q(i) = y*g(i) - 6*b(i). Determine q(4).
4
Suppose -48*k - 12 = -52*k. Let p(w) = -2 - 68*w**3 + 2*w - 71*w**k - 74*w**3 + 212*w**3. What is p(2)?
-6
Let x(c) be the third derivative of c**4/8 + 29*c**3/6 + 1030*c**2 + 4*c. Suppose -4*t - 50 = t. What is x(t)?
-1
Let k be 1*96/9*(-42)/(-28). Let h(g) = g**2 - 16*g + 7. Determine h(k).
7
Let t(p) = -244 + 475 - 3*p - 2*p**3 + 0*p**3 + 14*p**2 + p**3 - 212. Give t(14).
-23
Let b be ((-48)/(-21))/8*7. Suppose 3*c = 15, -b*c = -10*m + 9*m - 9. Let g(z) = 15*z**3 + z**2 + z - 1. Give g(m).
16
Suppose -2 = -2*u + 8, n + 2*u = 14. Let k(x) = -124*x - 134*x + 3*x**2 - 2*x**2 - 125*x + 505*x - 129*x. Give k(n).
-12
Let t(f) be the first derivative of -5*f**2/2 - f + 121. Suppose -2*y + 8 = 0, 0 = -4*b + 6*b